 = d**2 - d - 4. Calculate t(-2).
2
Let o(j) = -34*j**2 - j + 1. What is o(1)?
-34
Let x(n) = -n**2 - 4*n - 3. Determine x(-4).
-3
Let i(t) = 2*t**3 + 4*t**2 + 3*t + 4. Give i(-3).
-23
Let f(x) = x**3 - x**2 - x + 20. Determine f(0).
20
Let v(b) = b**3 + 21*b**2 + 18*b - 30. Give v(-20).
10
Let t(z) = -10*z - 98. What is t(-8)?
-18
Let a(i) = -2*i**3 + 2*i**2 - 9*i + 1. Determine a(0).
1
Let m(a) = a**3 - 20*a**2 + 35*a + 11. What is m(18)?
-7
Let l(j) = 6*j**2 + 42*j - 1. Give l(-8).
47
Let t(p) = -p + 44. Give t(10).
34
Let s(t) = -t**2 + 2*t + 160. What is s(0)?
160
Let m(c) = 3*c**2 + 21*c - 18. Determine m(-8).
6
Let z(d) = d**2 - 16*d - 12. What is z(16)?
-12
Let b(r) = 5*r - 6. Calculate b(1).
-1
Let f(m) = -7*m**2 - 6*m - 13. Calculate f(-5).
-158
Let a(w) = w**3 - 13*w**2 + 24*w - 25. Calculate a(11).
-3
Let r(m) = -4*m**2 - 7*m + 5. Give r(1).
-6
Let x(r) = -2*r**2 - 12*r - 8. Calculate x(-8).
-40
Let z(r) = -r**2 - 9*r - 5. Calculate z(-3).
13
Let n(x) = 33*x + 27. What is n(-1)?
-6
Let m(v) = v**2 - v + 30. What is m(0)?
30
Let x(v) = 17*v**2 - v + 2. What is x(1)?
18
Let q(j) = -2*j**3 + j**2 - 5*j + 9. Give q(2).
-13
Let a(j) = j**3 - 15*j**2 - 15*j + 7. Calculate a(16).
23
Let x(d) = d**3 + d**2 + d - 2. Determine x(0).
-2
Let h(c) = -3*c**2 + 19*c + 9. Give h(7).
-5
Let n(v) = v**3 - 7*v**2 + 10*v + 7. Calculate n(5).
7
Let f(y) = -y**2 - y + 21. Calculate f(-7).
-21
Let k(g) = -g**3 - 5*g**2 + g - 1. Give k(-4).
-21
Let s(u) = u**3 - 9*u**2 + 4*u - 12. What is s(7)?
-82
Let v(o) = 2*o**2 + 3*o + 4. Determine v(-4).
24
Let x(h) = 3*h**2 + 19*h - 9. Give x(-7).
5
Let q(d) = -d**3 + 2*d**2 - 3*d + 8. Calculate q(2).
2
Let r(q) = -q**3 + 14*q**2 - 13*q + 9. What is r(13)?
9
Let a(c) = 2*c**2 + 20*c - 12. Determine a(-12).
36
Let z(g) = -g**2 + 21*g + 44. What is z(23)?
-2
Let g(i) = 6*i**3 + 2*i**2 - 2*i - 3. Determine g(-2).
-39
Let m(o) = -3*o - 30. Calculate m(-11).
3
Let d(h) = -14*h - 1. Determine d(5).
-71
Let y(r) = -22*r - 2. Give y(2).
-46
Let z(h) = -h**3 + 11*h**2 + h + 5. Calculate z(0).
5
Let s(n) = -3*n - 31. Give s(-13).
8
Let k(m) = 100*m**2 + 98*m - 2. Calculate k(-1).
0
Let q(m) = -3*m + 5. Calculate q(3).
-4
Let v(f) = f - 39. What is v(0)?
-39
Let q(x) = -x**3 - 2*x**2 - 7*x - 5. What is q(-2)?
9
Let o(a) = a**3 + 2*a**2 - 3*a + 3. What is o(-3)?
3
Let h(c) = -c**3 + 10*c**2 - c + 22. What is h(9)?
94
Let x(q) = q**3 + 8*q**2 + 15*q + 1. Calculate x(-3).
1
Let r(q) = 3*q**3 + 2*q**2 + 2*q - 2. Calculate r(2).
34
Let s(x) = x**2 - 21*x - 51. What is s(23)?
-5
Let b(z) = -z**3 + 8*z**2 + 14*z + 16. What is b(10)?
-44
Let r(c) = -2*c - 39. Determine r(-22).
5
Let u(y) = 4*y + 130. Calculate u(-28).
18
Let m(s) = -s**3 + 15*s**2 + s - 19. Determine m(15).
-4
Let s(f) = 22*f + 13. Determine s(4).
101
Let v(w) = w**3 - 15*w**2 + 6. Give v(15).
6
Let f(d) = -d**3 + 16*d**2 - 49*d + 3. Calculate f(4).
-1
Let f(m) = m**3 - 4*m**2 - 22*m + 82. Give f(4).
-6
Let k(y) = y**2 - 10*y + 8. Determine k(11).
19
Let n(c) = -4*c**3 + c**2 - 8*c + 7. Calculate n(1).
-4
Let m(v) = v**2 + 5*v - 5. Give m(-6).
1
Let s(d) = -11*d + 3. Calculate s(5).
-52
Let j(p) = -2*p**3 + 7*p**2 - 4*p. Give j(4).
-32
Let l(z) = 2*z**2 + 21*z + 1. What is l(-10)?
-9
Let o(y) = y**3 - 10*y**2 + 9*y - 12. What is o(9)?
-12
Let u(x) = x**3 + 11*x**2 - 41*x + 11. What is u(-14)?
-3
Let f(i) = i**3 - 8*i**2 + 12*i - 23. Determine f(6).
-23
Let d(v) = 178*v**3 + 2*v**2 - v. Calculate d(1).
179
Let j(n) = -2*n**2 + 10*n + 10. Determine j(8).
-38
Let x(j) = -7*j + 78. What is x(7)?
29
Let n(y) = 70*y + 5. Determine n(1).
75
Let j(w) = -w**3 - 5*w**2 - w - 5. Determine j(-5).
0
Let t(g) = -5*g. Give t(-2).
10
Let q(j) = j**3 + 18*j**2 + 15*j - 24. What is q(-17)?
10
Let p(s) = -3*s**2 + 6*s + 3. What is p(3)?
-6
Let y(m) = -2*m**2 - 13*m - 5. Determine y(-8).
-29
Let q(g) = -g**2 - 8*g - 11. Calculate q(-7).
-4
Let k(u) = -21*u**2 + u - 3. What is k(-2)?
-89
Let u(i) = -32*i - 14. Give u(-1).
18
Let w(g) = 5*g + 82. What is w(-16)?
2
Let i(o) = 11*o + 1. Determine i(-1).
-10
Let y(x) = x**2 + 6*x - 11. Determine y(-7).
-4
Let i(l) = l**3 - 8*l**2 - 3*l - 46. Give i(9).
8
Let l(d) = d**2 + 4*d - 83. Give l(7).
-6
Let l(j) = 2*j**2 + 25*j + 47. Calculate l(-2).
5
Let l(w) = -38*w + 1. Calculate l(1).
-37
Let g(u) = 95*u. What is g(-1)?
-95
Let f(z) = -5*z**3 + 72*z**2 - 30*z + 32. Give f(14).
4
Let q(g) = -g**2 - 5*g - 35. Calculate q(-5).
-35
Let a(i) = -7*i - 49. Give a(0).
-49
Let z(s) = -2*s + 29. Give z(16).
-3
Let i(z) = z + 5. Give i(2).
7
Let x(a) = -a**2 + 14*a - 20. What is x(11)?
13
Let r(m) = -m**3 + 2*m**2 + 2*m + 3. Determine r(3).
0
Let m(t) = 4*t**2 - 8*t + 14. Determine m(2).
14
Let w(u) = 12*u + 112. Determine w(-7).
28
Let v(p) = 2*p - 38. Give v(5).
-28
Let z(n) = -n**2 + 8*n + 17. Give z(6).
29
Let l(n) = 6*n + 91. What is l(-16)?
-5
Let c(x) = -6*x**2 + x. Calculate c(1).
-5
Let l(t) = -t**3 - 3*t**2 - t - 1. Calculate l(-2).
-3
Let p(u) = -2*u**2 + u - 1. Determine p(-2).
-11
Let i(q) = -3*q**3 + 2*q**2 - 3*q - 4. Calculate i(-1).
4
Let k(a) = -a. What is k(-6)?
6
Let p(a) = -a**2 + 4*a + 11. Give p(6).
-1
Let q(j) = -j - 11. What is q(4)?
-15
Let n(q) = 6*q - 3. Give n(3).
15
Let s(y) = -y + 7. Calculate s(10).
-3
Let c(z) = z**3 + 9*z**2 - 78*z - 23. Give c(-14).
89
Let p(m) = m**3 - m**2 + m - 3. Calculate p(0).
-3
Let x(q) = -3*q**2 - 62*q + 26. Give x(-21).
5
Let t(z) = -z**3 - 21*z**2 - 2*z - 46. Give t(-21).
-4
Let l(g) = -g**3 - 16*g**2 - 30*g - 18. Give l(-14).
10
Let g(q) = -q**2 + 8*q + 16. Give g(9).
7
Let u(t) = -2*t**2 + 8*t - 4. What is u(5)?
-14
Let b(w) = -4*w - 15. Determine b(-5).
5
Let u(l) = l**3 - 7*l**2 - 5*l - 5. Calculate u(8).
19
Let t(s) = -24*s + 149. What is t(7)?
-19
Let x(c) = 5*c - 3. Calculate x(2).
7
Let h(n) = -n**3 + n**2 + 2*n + 31. Give h(0).
31
Let y(b) = 29*b + 325. Determine y(-11).
6
Let a(s) = s**2 - 8*s + 3. Determine a(7).
-4
Let l(z) = -z**3 - 11*z**2 - 37*z - 40. Determine l(-5).
-5
Let s(n) = 2*n + 111. Determine s(-15).
81
Let t(n) = n - 3. Give t(-5).
-8
Let z(w) = -99*w**2 - w + 1. Calculate z(1).
-99
Let i(y) = 17*y + 34. What is i(-8)?
-102
Let g(z) = -z**3 + 29*z**2 - 29*z - 52. Calculate g(28).
-80
Let x(o) = -o**3 + 11*o**2 + 26*o + 1. Calculate x(13).
1
Let n(y) = 8*y - 1. Give n(-5).
-41
Let j(y) = y**2 - 12*y + 1. Give j(9).
-26
Let y(g) = 3*g**2 - 17*g - 13. Calculate y(6).
-7
Let f(y) = -y**2 + 18*y + 19. Determine f(20).
-21
Let a(l) = -l**3 + 14*l**2 + 11*l + 54. Calculate a(15).
-6
Let k(p) = p + 2. Determine k(-4).
-2
Let m(d) = -5*d + 135. Calculate m(28).
-5
Let v(d) = d**3 - 5*d**2 - 7*d + 3. Determine v(6).
-3
Let k(v) = -v**2 + 18*v - 36. Give k(16).
-4
Let k(w) = 2*w**2 + 27*w + 51. Give k(-2).
5
Let j(a) = -a**3 - 24*a**2 + a + 38. Calculate j(-24).
14
Let y(f) = f**2 + 11*f + 34. What is y(-5)?
4
Let s(u) = 17*u**2 + u. Determine s(-1).
16
Let j(d) = -2*d + 6. Give j(0).
6
Let z(a) = -2*a - 15. Give z(-9).
3
Let y(d) = 2*d - 12. What is y(0)?
-12
Let s(o) = o**3 - 14*o**2 + 35*o - 7. Determine s(7).
-105
Let r(j) = 11*j**2 - 2*j - 1. Determine r(-1).
12
Let y(i) = 22*i + 3. Give y(5).
113
Let y(r) = 2*r**2 + 43*r - 5. Calculate y(-21).
-26
Let g(f) = -f**2 - 12*f - 12. Give g(-4).
20
Let g(s) = s**2 - 14*s + 15. Determine g(13).
2
Let g(r) = -r**2 + 15*r - 25. Determine g(13).
1
Let o(y) = -2*y + 73. Determine o(16).
41
Let o(f) = f**3 - 13*f**2 - 14*f + 9. Calculate o(14).
9
Let v(f) = -f**3 - f**2 + f + 9. Determine v(0).
9
Let i(l) = -6*l + 5. Give i(4).
-19
Let h(w) = -2*w**3 + 60*w**2 + 201*w - 97. What is h(33)?
2
Let r(z) = -2*z**2 + 3*z. Calculate r(2).
-2
Let c(o) = -12*o + 42. Determine c(3).
6
Let u(a) = 62*a + 251. Calculate u(-4).
3
Let g(v) = -3*v**2 - 6*v - 7. Determine g(-3).
-16
Let v(s) = -s**3 + 67*s**2 + 211*s - 72. What is v(70)?
-2
Let h(k) = k**3 + 2*k**2 + k - 81. What is h(0)?
-81
Let x(r) = -r**2 - 11*r - 7. What is x(-12)?
-19
Let o(n) = n**3 - 10*n**2 + 2*n - 2. Determine o(8).
-114
Let r(p) = -p**3 + p**2 + 4*p + 5. Calculate r(-3).
29
Let v(g) = -3*g**2 - 26*g - 4. Determine v(-8).
12
Let k(z) = -12*z - 2. What is k(10)?
-122
Let b(a) = -2*a**2 + 14. What is b(-3)?
-4
Let v(y) = -6*y - 1. Calculate v(3).
-19
Let q(j) = -35*j - 142.